{"id":4303,"date":"2025-12-24T21:28:12","date_gmt":"2025-12-24T19:28:12","guid":{"rendered":"https:\/\/www.serenna.fi\/?post_type=product&#038;p=4303"},"modified":"2026-03-02T21:58:26","modified_gmt":"2026-03-02T19:58:26","slug":"liu-jo-lj2802","status":"publish","type":"product","link":"https:\/\/test.serenna.fi\/nl\/prod\/liu-jo-lj2802\/","title":{"rendered":"Halsketting LIU JO LJ2802 Verguld"},"content":{"rendered":"<p><strong>Liu Jo<\/strong> is een bekend Italiaans <strong>premium modemerk<\/strong> dat in 1995 door Marco en Vanni Marchini in Carpi, Itali\u00eb, werd opgericht. De kernidee van het merk is het vieren van de natuurlijke schoonheid van vrouwen en het benadrukken van hun vrouwelijkheid met een betoverende en dynamische stijl.<\/p><p><strong>Belangrijkste kenmerken<\/strong><\/p><ul><li><strong>Stijl:<\/strong> Liu Jo staat bekend om zijn verfijnde, moderne en stijlvolle 'Made in Italy'-mode.<\/li><li><strong>Productassortiment:<\/strong> Hoewel het merk begon met breigoed en vooral bekend staat om zijn 'bottom up'-jeanscollectie, biedt het tegenwoordig een breed scala aan productcategorie\u00ebn:<ul><li>Kleding (voor dames, heren en kinderen).<\/li><li>Schoenen, tassen en accessoires.<\/li><li>Sieraden, horloges, badkleding en ondergoed.<\/li><\/ul><\/li><li><strong>Wereldwijde aanwezigheid:<\/strong> Het merk heeft een uitgebreid internationaal distributienetwerk, met eigen winkels en dealers in meer dan 50 landen in Europa, het Midden-Oosten, Azi\u00eb en Afrika.<\/li><\/ul><p>Liu Jo streeft ernaar mode aan te bieden die vrije zelfexpressie en een moderne, identiteitsgerichte stijl bevordert.<\/p>\n<ul>\n<li>Type:\n<ul>\n<li>Halskettingen<\/li>\n<li>Dameskettingen<\/li>\n<\/ul>\n<\/li>\n<li>Kleur: Verguld<\/li>\n<\/ul>\n","protected":false},"excerpt":{"rendered":"<p>Type: Halskettingen Dameskettingen Kleur: Verguld<\/p>\n","protected":false},"featured_media":4302,"comment_status":"open","ping_status":"closed","template":"","meta":[],"product_brand":[],"product_cat":[280,301,250,252,196,251],"product_tag":[203,189,188],"class_list":{"0":"post-4303","1":"product","2":"type-product","3":"status-publish","4":"has-post-thumbnail","6":"product_cat-korut","7":"product_cat-naisten-korut","8":"product_cat-asusteet","9":"product_cat-kaulakorut","10":"product_cat-muoti-asusteet","11":"product_cat-muotikorut","12":"product_tag-tag_203","13":"product_tag-tag_189","14":"product_tag-tag_188","16":"first","17":"instock","18":"taxable","19":"shipping-taxable","20":"purchasable","21":"product-type-simple"},"yoast_head":"<!-- This site is optimized with the Yoast SEO plugin v28.4 - https:\/\/yoast.com\/product\/yoast-seo-wordpress\/ -->\n<title>Halsketting LIU JO LJ2802 Verguld<\/title>\n<meta name=\"description\" content=\"Korut viimeistelev\u00e4t tyylin arjessa ja juhlassa. Valikoimasta l\u00f6yd\u00e4t kauniit ja ajattomat korut eri tyyleihin ja tilaisuuksiin.\" \/>\n<meta name=\"robots\" content=\"index, follow, max-snippet:-1, max-image-preview:large, max-video-preview:-1\" \/>\n<link rel=\"canonical\" href=\"https:\/\/test.serenna.fi\/nl\/prod\/liu-jo-lj2802\/\" \/>\n<meta property=\"og:locale\" content=\"nl_NL\" \/>\n<meta property=\"og:locale:alternate\" content=\"en-GB\" \/>\n<meta property=\"og:locale:alternate\" content=\"fi\" \/>\n<meta property=\"og:locale:alternate\" content=\"DE\" \/>\n<meta property=\"og:locale:alternate\" content=\"SV\" \/>\n<meta property=\"og:locale:alternate\" content=\"DA\" \/>\n<meta property=\"og:locale:alternate\" content=\"FR\" \/>\n<meta property=\"og:locale:alternate\" content=\"IT\" \/>\n<meta property=\"og:type\" content=\"article\" \/>\n<meta property=\"og:title\" content=\"Halsketting LIU JO LJ2802 Verguld\" \/>\n<meta property=\"og:description\" content=\"Korut viimeistelev\u00e4t tyylin arjessa ja juhlassa. Valikoimasta l\u00f6yd\u00e4t kauniit ja ajattomat korut eri tyyleihin ja tilaisuuksiin.\" \/>\n<meta property=\"og:url\" content=\"https:\/\/test.serenna.fi\/nl\/prod\/liu-jo-lj2802\/\" \/>\n<meta property=\"og:site_name\" content=\"Serenna\" \/>\n<meta property=\"article:publisher\" content=\"https:\/\/www.facebook.com\/serennadecor\" \/>\n<meta property=\"article:modified_time\" content=\"2026-03-02T19:58:26+00:00\" \/>\n<meta property=\"og:image\" content=\"https:\/\/test.serenna.fi\/wp-content\/uploads\/2025\/12\/4078505835508_S72118818_P00.jpg\" \/>\n\t<meta property=\"og:image:width\" content=\"1200\" \/>\n\t<meta property=\"og:image:height\" content=\"1200\" \/>\n\t<meta property=\"og:image:type\" content=\"image\/jpeg\" \/>\n<meta name=\"twitter:card\" content=\"summary_large_image\" \/>\n<script type=\"application\/ld+json\" class=\"yoast-schema-graph\">{\"@context\":\"https:\\\/\\\/schema.org\",\"@graph\":[{\"@type\":\"WebPage\",\"@id\":\"https:\\\/\\\/test.serenna.fi\\\/se\\\/prod\\\/liu-jo-lj2802\\\/\",\"url\":\"https:\\\/\\\/test.serenna.fi\\\/se\\\/prod\\\/liu-jo-lj2802\\\/\",\"name\":\"Halsketting LIU JO LJ2802 Verguld\",\"isPartOf\":{\"@id\":\"https:\\\/\\\/test.serenna.fi\\\/#website\"},\"primaryImageOfPage\":{\"@id\":\"https:\\\/\\\/test.serenna.fi\\\/se\\\/prod\\\/liu-jo-lj2802\\\/#primaryimage\"},\"image\":{\"@id\":\"https:\\\/\\\/test.serenna.fi\\\/se\\\/prod\\\/liu-jo-lj2802\\\/#primaryimage\"},\"thumbnailUrl\":\"https:\\\/\\\/test.serenna.fi\\\/wp-content\\\/uploads\\\/2025\\\/12\\\/4078505835508_S72118818_P00.jpg\",\"datePublished\":\"2025-12-24T19:28:12+00:00\",\"dateModified\":\"2026-03-02T19:58:26+00:00\",\"description\":\"Korut viimeistelev\u00e4t tyylin arjessa ja juhlassa. Valikoimasta l\u00f6yd\u00e4t kauniit ja ajattomat korut eri tyyleihin ja tilaisuuksiin.\",\"breadcrumb\":{\"@id\":\"https:\\\/\\\/test.serenna.fi\\\/se\\\/prod\\\/liu-jo-lj2802\\\/#breadcrumb\"},\"inLanguage\":\"NL\",\"potentialAction\":[{\"@type\":\"ReadAction\",\"target\":[\"https:\\\/\\\/test.serenna.fi\\\/se\\\/prod\\\/liu-jo-lj2802\\\/\"]}]},{\"@type\":\"ImageObject\",\"inLanguage\":\"NL\",\"@id\":\"https:\\\/\\\/test.serenna.fi\\\/se\\\/prod\\\/liu-jo-lj2802\\\/#primaryimage\",\"url\":\"https:\\\/\\\/test.serenna.fi\\\/wp-content\\\/uploads\\\/2025\\\/12\\\/4078505835508_S72118818_P00.jpg\",\"contentUrl\":\"https:\\\/\\\/test.serenna.fi\\\/wp-content\\\/uploads\\\/2025\\\/12\\\/4078505835508_S72118818_P00.jpg\",\"width\":1200,\"height\":1200,\"caption\":\"S72118818_0\"},{\"@type\":\"BreadcrumbList\",\"@id\":\"https:\\\/\\\/test.serenna.fi\\\/se\\\/prod\\\/liu-jo-lj2802\\\/#breadcrumb\",\"itemListElement\":[{\"@type\":\"ListItem\",\"position\":1,\"name\":\"Etusivu\",\"item\":\"https:\\\/\\\/test.serenna.fi\\\/\"},{\"@type\":\"ListItem\",\"position\":2,\"name\":\"Kauppa\",\"item\":\"https:\\\/\\\/test.serenna.fi\\\/shop\\\/\"},{\"@type\":\"ListItem\",\"position\":3,\"name\":\"Halsband LIU JO LJ2802 Guldpl\u00e4terat\"}]},{\"@type\":\"WebSite\",\"@id\":\"https:\\\/\\\/test.serenna.fi\\\/#website\",\"url\":\"https:\\\/\\\/test.serenna.fi\\\/\",\"name\":\"Serenna\",\"description\":\"\",\"publisher\":{\"@id\":\"https:\\\/\\\/test.serenna.fi\\\/#organization\"},\"potentialAction\":[{\"@type\":\"SearchAction\",\"target\":{\"@type\":\"EntryPoint\",\"urlTemplate\":\"https:\\\/\\\/test.serenna.fi\\\/?s={search_term_string}\"},\"query-input\":{\"@type\":\"PropertyValueSpecification\",\"valueRequired\":true,\"valueName\":\"search_term_string\"}}],\"inLanguage\":\"NL\"},{\"@type\":\"Organization\",\"@id\":\"https:\\\/\\\/test.serenna.fi\\\/#organization\",\"name\":\"Serenna\",\"url\":\"https:\\\/\\\/test.serenna.fi\\\/\",\"logo\":{\"@type\":\"ImageObject\",\"inLanguage\":\"NL\",\"@id\":\"https:\\\/\\\/test.serenna.fi\\\/#\\\/schema\\\/logo\\\/image\\\/\",\"url\":\"https:\\\/\\\/www.serenna.fi\\\/wp-content\\\/uploads\\\/2025\\\/12\\\/serenna-logo2.png\",\"contentUrl\":\"https:\\\/\\\/www.serenna.fi\\\/wp-content\\\/uploads\\\/2025\\\/12\\\/serenna-logo2.png\",\"width\":2383,\"height\":317,\"caption\":\"Serenna\"},\"image\":{\"@id\":\"https:\\\/\\\/test.serenna.fi\\\/#\\\/schema\\\/logo\\\/image\\\/\"},\"sameAs\":[\"https:\\\/\\\/www.facebook.com\\\/serennadecor\",\"https:\\\/\\\/www.instagram.com\\\/serennadecor\"]}]}<\/script>\n<!-- \/ Yoast SEO plugin. -->","yoast_head_json":{"title":"Halsketting LIU JO LJ2802 Verguld","description":"Korut viimeistelev\u00e4t tyylin arjessa ja juhlassa. Valikoimasta l\u00f6yd\u00e4t kauniit ja ajattomat korut eri tyyleihin ja tilaisuuksiin.","robots":{"index":"index","follow":"follow","max-snippet":"max-snippet:-1","max-image-preview":"max-image-preview:large","max-video-preview":"max-video-preview:-1"},"canonical":"https:\/\/test.serenna.fi\/nl\/prod\/liu-jo-lj2802\/","og_locale":"nl_NL","og_type":"article","og_title":"[:fi]Kaulakoru LIU JO LJ2802 Kullattu[:de]Halskette LIU JO LJ2802 Vergoldet[:dk]Halsk\u00e6de LIU JO LJ2802 Forgyldt[:en]Necklace LIU JO LJ2802 Gold-plated[:fr]Collier LIU JO LJ2802 Plaqu\u00e9 or[:it]Collana LIU JO LJ2802 Placcata in oro[:nl]Halsketting LIU JO LJ2802 Verguld[:se]Halsband LIU JO LJ2802 Guldpl\u00e4terat[:] - Serenna","og_description":"Korut viimeistelev\u00e4t tyylin arjessa ja juhlassa. Valikoimasta l\u00f6yd\u00e4t kauniit ja ajattomat korut eri tyyleihin ja tilaisuuksiin.","og_url":"https:\/\/test.serenna.fi\/nl\/prod\/liu-jo-lj2802\/","og_site_name":"Serenna","article_publisher":"https:\/\/www.facebook.com\/serennadecor","article_modified_time":"2026-03-02T19:58:26+00:00","og_image":[{"width":1200,"height":1200,"url":"https:\/\/test.serenna.fi\/wp-content\/uploads\/2025\/12\/4078505835508_S72118818_P00.jpg","type":"image\/jpeg"}],"twitter_card":"summary_large_image","schema":{"@context":"https:\/\/schema.org","@graph":[{"@type":"WebPage","@id":"https:\/\/test.serenna.fi\/se\/prod\/liu-jo-lj2802\/","url":"https:\/\/test.serenna.fi\/se\/prod\/liu-jo-lj2802\/","name":"Halsketting LIU JO LJ2802 Verguld","isPartOf":{"@id":"https:\/\/test.serenna.fi\/#website"},"primaryImageOfPage":{"@id":"https:\/\/test.serenna.fi\/se\/prod\/liu-jo-lj2802\/#primaryimage"},"image":{"@id":"https:\/\/test.serenna.fi\/se\/prod\/liu-jo-lj2802\/#primaryimage"},"thumbnailUrl":"https:\/\/test.serenna.fi\/wp-content\/uploads\/2025\/12\/4078505835508_S72118818_P00.jpg","datePublished":"2025-12-24T19:28:12+00:00","dateModified":"2026-03-02T19:58:26+00:00","description":"Korut viimeistelev\u00e4t tyylin arjessa ja juhlassa. Valikoimasta l\u00f6yd\u00e4t kauniit ja ajattomat korut eri tyyleihin ja tilaisuuksiin.","breadcrumb":{"@id":"https:\/\/test.serenna.fi\/se\/prod\/liu-jo-lj2802\/#breadcrumb"},"inLanguage":"NL","potentialAction":[{"@type":"ReadAction","target":["https:\/\/test.serenna.fi\/se\/prod\/liu-jo-lj2802\/"]}]},{"@type":"ImageObject","inLanguage":"NL","@id":"https:\/\/test.serenna.fi\/se\/prod\/liu-jo-lj2802\/#primaryimage","url":"https:\/\/test.serenna.fi\/wp-content\/uploads\/2025\/12\/4078505835508_S72118818_P00.jpg","contentUrl":"https:\/\/test.serenna.fi\/wp-content\/uploads\/2025\/12\/4078505835508_S72118818_P00.jpg","width":1200,"height":1200,"caption":"S72118818_0"},{"@type":"BreadcrumbList","@id":"https:\/\/test.serenna.fi\/se\/prod\/liu-jo-lj2802\/#breadcrumb","itemListElement":[{"@type":"ListItem","position":1,"name":"Etusivu","item":"https:\/\/test.serenna.fi\/"},{"@type":"ListItem","position":2,"name":"Kauppa","item":"https:\/\/test.serenna.fi\/shop\/"},{"@type":"ListItem","position":3,"name":"Halsband LIU JO LJ2802 Guldpl\u00e4terat"}]},{"@type":"WebSite","@id":"https:\/\/test.serenna.fi\/#website","url":"https:\/\/test.serenna.fi\/","name":"Serenna","description":"","publisher":{"@id":"https:\/\/test.serenna.fi\/#organization"},"potentialAction":[{"@type":"SearchAction","target":{"@type":"EntryPoint","urlTemplate":"https:\/\/test.serenna.fi\/?s={search_term_string}"},"query-input":{"@type":"PropertyValueSpecification","valueRequired":true,"valueName":"search_term_string"}}],"inLanguage":"NL"},{"@type":"Organization","@id":"https:\/\/test.serenna.fi\/#organization","name":"Serenna","url":"https:\/\/test.serenna.fi\/","logo":{"@type":"ImageObject","inLanguage":"NL","@id":"https:\/\/test.serenna.fi\/#\/schema\/logo\/image\/","url":"https:\/\/www.serenna.fi\/wp-content\/uploads\/2025\/12\/serenna-logo2.png","contentUrl":"https:\/\/www.serenna.fi\/wp-content\/uploads\/2025\/12\/serenna-logo2.png","width":2383,"height":317,"caption":"Serenna"},"image":{"@id":"https:\/\/test.serenna.fi\/#\/schema\/logo\/image\/"},"sameAs":["https:\/\/www.facebook.com\/serennadecor","https:\/\/www.instagram.com\/serennadecor"]}]}},"_links":{"self":[{"href":"https:\/\/test.serenna.fi\/nl\/wp-json\/wp\/v2\/product\/4303","targetHints":{"allow":["GET"]}}],"collection":[{"href":"https:\/\/test.serenna.fi\/nl\/wp-json\/wp\/v2\/product"}],"about":[{"href":"https:\/\/test.serenna.fi\/nl\/wp-json\/wp\/v2\/types\/product"}],"replies":[{"embeddable":true,"href":"https:\/\/test.serenna.fi\/nl\/wp-json\/wp\/v2\/comments?post=4303"}],"wp:featuredmedia":[{"embeddable":true,"href":"https:\/\/test.serenna.fi\/nl\/wp-json\/wp\/v2\/media\/4302"}],"wp:attachment":[{"href":"https:\/\/test.serenna.fi\/nl\/wp-json\/wp\/v2\/media?parent=4303"}],"wp:term":[{"taxonomy":"product_brand","embeddable":true,"href":"https:\/\/test.serenna.fi\/nl\/wp-json\/wp\/v2\/product_brand?post=4303"},{"taxonomy":"product_cat","embeddable":true,"href":"https:\/\/test.serenna.fi\/nl\/wp-json\/wp\/v2\/product_cat?post=4303"},{"taxonomy":"product_tag","embeddable":true,"href":"https:\/\/test.serenna.fi\/nl\/wp-json\/wp\/v2\/product_tag?post=4303"}],"curies":[{"name":"wp","href":"https:\/\/api.w.org\/{rel}","templated":true}]}}

<p><strong>Liu Jo</strong> is een bekend Italiaans <strong>premium modemerk</strong> dat in 1995 door Marco en Vanni Marchini in Carpi, Italië, werd opgericht. De kernidee van het merk is het vieren van de natuurlijke schoonheid van vrouwen en het benadrukken van hun vrouwelijkheid met een betoverende en dynamische stijl.</p><p><strong>Belangrijkste kenmerken</strong></p><ul><li><strong>Stijl:</strong> Liu Jo staat bekend om zijn verfijnde, moderne en stijlvolle 'Made in Italy'-mode.</li><li><strong>Productassortiment:</strong> Hoewel het merk begon met breigoed en vooral bekend staat om zijn 'bottom up'-jeanscollectie, biedt het tegenwoordig een breed scala aan productcategorieën:<ul><li>Kleding (voor dames, heren en kinderen).</li><li>Schoenen, tassen en accessoires.</li><li>Sieraden, horloges, badkleding en ondergoed.</li></ul></li><li><strong>Wereldwijde aanwezigheid:</strong> Het merk heeft een uitgebreid internationaal distributienetwerk, met eigen winkels en dealers in meer dan 50 landen in Europa, het Midden-Oosten, Azië en Afrika.</li></ul><p>Liu Jo streeft ernaar mode aan te bieden die vrije zelfexpressie en een moderne, identiteitsgerichte stijl bevordert.</p>
<ul>
<li>Type:
<ul>
<li>Halskettingen</li>
<li>Dameskettingen</li>
</ul>
</li>
<li>Kleur: Verguld</li>
</ul>

<!-- This site is optimized with the Yoast SEO plugin v28.4 - https://yoast.com/product/yoast-seo-wordpress/ -->
<title>Halsketting LIU JO LJ2802 Verguld</title>
<meta name="description" content="Korut viimeistelevät tyylin arjessa ja juhlassa. Valikoimasta löydät kauniit ja ajattomat korut eri tyyleihin ja tilaisuuksiin." />
<meta name="robots" content="index, follow, max-snippet:-1, max-image-preview:large, max-video-preview:-1" />
<link rel="canonical" href="https://test.serenna.fi/nl/prod/liu-jo-lj2802/" />
<meta property="og:locale" content="nl_NL" />
<meta property="og:locale:alternate" content="en-GB" />
<meta property="og:locale:alternate" content="fi" />
<meta property="og:locale:alternate" content="DE" />
<meta property="og:locale:alternate" content="SV" />
<meta property="og:locale:alternate" content="DA" />
<meta property="og:locale:alternate" content="FR" />
<meta property="og:locale:alternate" content="IT" />
<meta property="og:type" content="article" />
<meta property="og:title" content="Halsketting LIU JO LJ2802 Verguld" />
<meta property="og:description" content="Korut viimeistelevät tyylin arjessa ja juhlassa. Valikoimasta löydät kauniit ja ajattomat korut eri tyyleihin ja tilaisuuksiin." />
<meta property="og:url" content="https://test.serenna.fi/nl/prod/liu-jo-lj2802/" />
<meta property="og:site_name" content="Serenna" />
<meta property="article:publisher" content="https://www.facebook.com/serennadecor" />
<meta property="article:modified_time" content="2026-03-02T19:58:26+00:00" />
<meta property="og:image" content="https://test.serenna.fi/wp-content/uploads/2025/12/4078505835508_S72118818_P00.jpg" />
	<meta property="og:image:width" content="1200" />
	<meta property="og:image:height" content="1200" />
	<meta property="og:image:type" content="image/jpeg" />
<meta name="twitter:card" content="summary_large_image" />
<script type="application/ld+json" class="yoast-schema-graph">{"@context":"https:\/\/schema.org","@graph":[{"@type":"WebPage","@id":"https:\/\/test.serenna.fi\/se\/prod\/liu-jo-lj2802\/","url":"https:\/\/test.serenna.fi\/se\/prod\/liu-jo-lj2802\/","name":"Halsketting LIU JO LJ2802 Verguld","isPartOf":{"@id":"https:\/\/test.serenna.fi\/#website"},"primaryImageOfPage":{"@id":"https:\/\/test.serenna.fi\/se\/prod\/liu-jo-lj2802\/#primaryimage"},"image":{"@id":"https:\/\/test.serenna.fi\/se\/prod\/liu-jo-lj2802\/#primaryimage"},"thumbnailUrl":"https:\/\/test.serenna.fi\/wp-content\/uploads\/2025\/12\/4078505835508_S72118818_P00.jpg","datePublished":"2025-12-24T19:28:12+00:00","dateModified":"2026-03-02T19:58:26+00:00","description":"Korut viimeistelevät tyylin arjessa ja juhlassa. Valikoimasta löydät kauniit ja ajattomat korut eri tyyleihin ja tilaisuuksiin.","breadcrumb":{"@id":"https:\/\/test.serenna.fi\/se\/prod\/liu-jo-lj2802\/#breadcrumb"},"inLanguage":"NL","potentialAction":[{"@type":"ReadAction","target":["https:\/\/test.serenna.fi\/se\/prod\/liu-jo-lj2802\/"]}]},{"@type":"ImageObject","inLanguage":"NL","@id":"https:\/\/test.serenna.fi\/se\/prod\/liu-jo-lj2802\/#primaryimage","url":"https:\/\/test.serenna.fi\/wp-content\/uploads\/2025\/12\/4078505835508_S72118818_P00.jpg","contentUrl":"https:\/\/test.serenna.fi\/wp-content\/uploads\/2025\/12\/4078505835508_S72118818_P00.jpg","width":1200,"height":1200,"caption":"S72118818_0"},{"@type":"BreadcrumbList","@id":"https:\/\/test.serenna.fi\/se\/prod\/liu-jo-lj2802\/#breadcrumb","itemListElement":[{"@type":"ListItem","position":1,"name":"Etusivu","item":"https:\/\/test.serenna.fi\/"},{"@type":"ListItem","position":2,"name":"Kauppa","item":"https:\/\/test.serenna.fi\/shop\/"},{"@type":"ListItem","position":3,"name":"Halsband LIU JO LJ2802 Guldpläterat"}]},{"@type":"WebSite","@id":"https:\/\/test.serenna.fi\/#website","url":"https:\/\/test.serenna.fi\/","name":"Serenna","description":"","publisher":{"@id":"https:\/\/test.serenna.fi\/#organization"},"potentialAction":[{"@type":"SearchAction","target":{"@type":"EntryPoint","urlTemplate":"https:\/\/test.serenna.fi\/?s={search_term_string}"},"query-input":{"@type":"PropertyValueSpecification","valueRequired":true,"valueName":"search_term_string"}}],"inLanguage":"NL"},{"@type":"Organization","@id":"https:\/\/test.serenna.fi\/#organization","name":"Serenna","url":"https:\/\/test.serenna.fi\/","logo":{"@type":"ImageObject","inLanguage":"NL","@id":"https:\/\/test.serenna.fi\/#\/schema\/logo\/image\/","url":"https:\/\/www.serenna.fi\/wp-content\/uploads\/2025\/12\/serenna-logo2.png","contentUrl":"https:\/\/www.serenna.fi\/wp-content\/uploads\/2025\/12\/serenna-logo2.png","width":2383,"height":317,"caption":"Serenna"},"image":{"@id":"https:\/\/test.serenna.fi\/#\/schema\/logo\/image\/"},"sameAs":["https:\/\/www.facebook.com\/serennadecor","https:\/\/www.instagram.com\/serennadecor"]}]}</script>
<!-- / Yoast SEO plugin. -->

Korut viimeistelevät tyylin arjessa ja juhlassa. Valikoimasta löydät kauniit ja ajattomat korut eri tyyleihin ja tilaisuuksiin.

[:fi]Kaulakoru LIU JO LJ2802 Kullattu[:de]Halskette LIU JO LJ2802 Vergoldet[:dk]Halskæde LIU JO LJ2802 Forgyldt[:en]Necklace LIU JO LJ2802 Gold-plated[:fr]Collier LIU JO LJ2802 Plaqué or[:it]Collana LIU JO LJ2802 Placcata in oro[:nl]Halsketting LIU JO LJ2802 Verguld[:se]Halsband LIU JO LJ2802 Guldpläterat[:] - Serenna

Halsband LIU JO LJ2802 Guldpläterat
